04 = 0. What is the highest common factor of h and 2838?
86
Suppose -3*n + 15 = 3*q, 0 = 3*q + n + 4*n - 23. Suppose 0 = -3*y + 2*y + 1. Calculate the greatest common factor of q and y.
1
Let a = -81 - -137. Let r = -299 + 307. Calculate the greatest common divisor of r and a.
8
Let r be 6/9*57 + 0. Suppose 5*o - 3 = 2*o. Let m(h) = 56*h**3 + 2*h**2 - 1. Let k be m(o). Calculate the greatest common divisor of k and r.
19
Let y(v) = -v**3 - 7*v**2 - 4*v - 7. Let n be y(-7). Suppose -2*m + 3 + 3 = 0. What is the greatest common divisor of m and n?
3
Let f be (-8)/(-36) - 1382/(-18). Suppose -2*i + 20*b = 23*b + 4, i = 4*b + 31. What is the highest common divisor of f and i?
7
Let a(f) = 19*f + 1 - 19*f + f**2. Let n be a(-3). Let p be (-384)/60*n/(-2). Calculate the highest common divisor of p and 48.
16
Suppose 2*w - 145 = 163. Calculate the greatest common divisor of 22 and w.
22
Suppose l - 15*l + 616 = 0. Let g(u) = u + 15. Let p = -36 + 25. Let m be g(p). Calculate the highest common divisor of m and l.
4
Suppose -2*g - g = -4*o - 761, -2*o - 508 = -2*g. What is the highest common divisor of g and 15?
15
Suppose -4*i + 3*v = -1273 - 1385, -4*v = 5*i - 3338. What is the greatest common factor of i and 74?
74
Let a(c) = -c + 6. Let t be a(6). Suppose t*h - 97 = -3*b + 2*h, 3*b = 5*h + 94. What is the greatest common factor of 231 and b?
33
Suppose 2*h - h = -5, i + 3*h = -20. Let t be (-301)/i - (-8)/(-40). What is the greatest common divisor of t and 24?
12
Suppose 0 = -g + 5*g - 68. What is the highest common factor of 68 and g?
17
Let d(a) = 2*a + 36 - 4 - 6*a + 3*a. Let t be d(0). Let n = -22 + t. Calculate the greatest common divisor of 20 and n.
10
Let m = 1177 + -1170. Let g = 17 - 10. What is the greatest common divisor of g and m?
7
Let x(p) = p + 12. Let y be x(14). Suppose -t + 4*c = -y, -c - 35 = 3*t - 8*t. What is the greatest common divisor of 18 and t?
6
Let r(n) be the third derivative of -n**5/60 + n**4/2 - n**3 - 4*n**2. Let a be r(10). What is the greatest common factor of a and 98?
14
Suppose 20*v = 16*v, 5*v + 78 = 3*n. What is the greatest common factor of 8 and n?
2
Let r be 68 + -64 + 2*2*5. Let h be 0/4 - -2*3. Calculate the greatest common factor of h and r.
6
Suppose 0 = -5*f - 15 + 5. Let r(n) = 4*n**2 - 3*n - 4. Let u be r(f). Calculate the highest common factor of u and 42.
6
Suppose 4*n - l - 273 = 0, -n - 26 = -3*l - 86. Calculate the highest common factor of 276 and n.
69
Let o be (1 - 161)/(6 - 7). Let i be (24/5)/(12/o). What is the highest common factor of i and 96?
32
Let t = 43 - -12. Let r = t + -1. Suppose r = 6*j - 3*j. What is the highest common factor of j and 126?
18
Suppose 165 = 11*p - 6*p. What is the greatest common divisor of p and 957?
33
Suppose 3*b - 163 - 891 = -2*h, 5*b - 1744 = 3*h. What is the greatest common divisor of 50 and b?
50
Suppose 12*h = -381 + 3081. What is the greatest common divisor of h and 25?
25
Let g be (-3)/7 + (-96)/21. Let s be -2 - -9 - (g - -6). Suppose 11*p = s*p + 180. Calculate the highest common divisor of p and 4.
4
Suppose 5*s - 3*s - 52 = 4*z, 5*z = 2*s - 56. Suppose 30*g + 180 = 34*g. Calculate the greatest common factor of s and g.
9
Let c = -4 - 0. Let h(l) = l**3 + 6*l**2 + 7*l + 6. Let j be h(c). Calculate the highest common factor of 80 and j.
10
Suppose -5*n + l = -185, -n - 62 = -3*n - 2*l. What is the greatest common divisor of 180 and n?
36
Suppose 2*k + k + 45 = 0. Suppose 2*p + 10 = 0, a - 2*p - 1 = -0*p. Let h = a - k. What is the highest common factor of 15 and h?
3
Let h be (3 + -1 + -2)*2/(-4). Suppose 3*u - 215 = 4*f, -3*f + h*f + 245 = 4*u. Calculate the highest common divisor of 13 and u.
13
Suppose 5 = -3*d - 2*c + 24, 2*d + c - 14 = 0. Calculate the highest common factor of 306 and d.
9
Let g be (-272)/(-18) + 46/(-414). Suppose -4*z + 442 = -218. Calculate the greatest common factor of z and g.
15
Let x be (-3)/(-1) - (-1 + -1). Suppose -2*f + x = -27. What is the highest common factor of f and 112?
16
Let u = -257 + 487. What is the greatest common factor of u and 30?
10
Suppose 5*z - 12 = 5*g - 32, -28 = -3*z - 5*g. Let y be 3 + -2 + z + 14. What is the greatest common divisor of 64 and y?
16
Let v = 986 + -371. Calculate the greatest common factor of 15 and v.
15
Let x(b) = 5*b**2 - 39*b + 6. Let w be x(9). Let h = 8 - 14. Let p(s) = -s**3 - 5*s**2 + 3*s - 3. Let l be p(h). What is the greatest common divisor of w and l?
15
Let b = -2651 - -3881. Calculate the greatest common factor of 60 and b.
30
Let t(f) = 5*f**2 + 273*f + 14. Let o be t(-59). Calculate the greatest common factor of 205 and o.
41
Suppose -478*t = -484*t + 3432. What is the highest common factor of 176 and t?
44
Suppose 0 = -2*o + 5*l + 374, -4*o = -2*l - 904 + 172. What is the highest common divisor of o and 14?
14
Let q(t) = t + 20. Let a be q(-7). What is the greatest common factor of a and 2?
1
Suppose -q - 2*t = 4*q - 41, 3*t = -3*q + 30. Suppose 0 = q*m - 4*m + 27. Let d be 6/m + (-14)/(-3). What is the greatest common factor of 1 and d?
1
Suppose 4*r - 52 = -6*k + 10*k, 0 = -3*r - 4*k + 4. Suppose -3*y + y - 18 = 0. Let i be (-36)/3*24/y. What is the highest common factor of r and i?
8
Let r = -2627 - -2659. What is the highest common divisor of 800 and r?
32
Let g(r) = 4*r**2 - 14*r + 10. Let x be g(5). Calculate the highest common factor of 8 and x.
8
Suppose 2*o = v - 100, -5*o = 3*v - 8*o - 312. What is the greatest common divisor of 12 and v?
12
Let d be 6/1 - (-166 - -67). Suppose 0 = 2*a - 0*a + 4*m - 76, -3*a - 3*m + 120 = 0. Calculate the greatest common divisor of d and a.
21
Let q = -8 + 8. Suppose o - 6 = -q*o. Suppose 3*b - 29 - 43 = 0. What is the greatest common factor of b and o?
6
Let m(n) = 12*n**3 + 2*n - 1. Let k be m(1). Suppose -4*a - 14 = -5*a. Let x be (-91)/a*11*-2. Calculate the greatest common divisor of k and x.
13
Suppose -2*l = -0*l - 2. Let q(d) = -d**2 + 125. Let m be q(-11). Calculate the greatest common divisor of l and m.
1
Suppose 0 = -6*x + 8*x. Suppose -4 = a + 4*y + 7, x = 3*a + 3*y + 6. Calculate the greatest common factor of 8 and a.
1
Let g be (0 + 27/(-2))*-2. Suppose 3*m = -2*l + 19, 0 = 165*m - 168*m - 5*l + 7. What is the greatest common divisor of g and m?
9
Suppose 6 = 4*h - 3*h. Suppose -4*t + h*t = -6. Let n be 82 - (0/(-2) + t). Calculate the greatest common divisor of n and 34.
17
Let g(k) be the second derivative of k**3/2 + 76*k**2 + 12*k. Let b be g(0). What is the greatest common factor of 19 and b?
19
Let c(s) = 33*s**2 + 13*s - 10. Let b be c(1). Calculate the greatest common divisor of 1278 and b.
18
Let w be -371*(-9 - (-52)/7). Calculate the highest common divisor of w and 33.
11
Suppose -6 = -4*d - 5*b + 49, -8 = -2*d + 4*b. Let w(j) = -4*j**2 - 41*j + 295. Let f be w(-15). What is the greatest common factor of d and f?
10
Suppose 3*r = 4*n + 175, -3*n + 172 = 3*r + 25. Let d = r + -7. Calculate the highest common divisor of d and 69.
23
Let s = 135 + -130. Suppose 4*v - 4*k = 72, s*v = 3*v - 2*k + 36. Let z(q) = 44*q**3 + 2*q**2 - q. Let u be z(1). What is the highest common factor of u and v?
9
Suppose -5*b - 20*f + 44 = -23*f, b + 5*f = 20. Calculate the greatest common divisor of b and 190.
10
Suppose 33 = 3*x + 21. Let b(d) = d**3 - 8*d**2 + 7*d - 2. Let t be b(8). Suppose x*a - t = a. Calculate the greatest common factor of a and 198.
18
Let y be 18 - 0/(2 + -1). Let o = 17 - 15. Let m be 68/2 + 9/(9/o). What is the highest common factor of y and m?
18
Suppose -10*f = -116 - 24. Suppose -5*v + 17 = -753. What is the highest common divisor of v and f?
14
Let f be 15/30*12*56. Calculate the highest common divisor of f and 32.
16
Suppose 21*x - 22*x + 6 = 0. Suppose 4*z = 3*b + 2*b + 168, -3*z + 126 = -5*b. Calculate the highest common divisor of x and z.
6
Let s be (24/72)/((-6)/(-1350)). What is the highest common factor of s and 275?
25
Suppose 0 = 11*a - 12*a + 56. Let c be (4 - 1) + (0 - -11). What is the greatest common factor of c and a?
14
Let g(v) = v**3 - 11*v**2 + 4*v - 38. Let r be g(12). What is the highest common divisor of 56 and r?
14
Let v(w) = 10*w + 12. Let k be v(3). Calculate the greatest common factor of 273 and k.
21
Suppose -2*j + 0 + 2 = 0. Suppose 2*g - j = -4*q - 